6, what is -3511 - -1501403?
1453452
In base 8, what is -1 + 24503536?
24503535
In base 13, what is 155a - -9990?
b21a
In base 15, what is 367d - -167?
37e5
In base 13, what is 537bc93b - 2?
537bc939
In base 4, what is -131002 + -111232?
-302300
In base 16, what is 0 - -223ef8?
223ef8
In base 3, what is 220212100220 + -22021?
220212001122
In base 4, what is -3 + -12200330000?
-12200330003
In base 9, what is -400 + -57347?
-57747
In base 4, what is 10 + 3023132333?
3023133003
In base 9, what is -30868363 - 13?
-30868376
In base 7, what is -212 - 10251463?
-10252005
In base 4, what is -33312113 + -120010?
-100032123
In base 10, what is 818738 + -340?
818398
In base 12, what is -3 - -68a74?
68a71
In base 10, what is -19 + -255850?
-255869
In base 11, what is a5753 + -48?
a5706
In base 6, what is -45151151 - 454?
-45152045
In base 12, what is 41b236 - -5?
41b23b
In base 13, what is 16c83 + 2ca?
17280
In base 8, what is 1620527031 + -5?
1620527024
In base 9, what is -16538607 + 4?
-16538603
In base 16, what is -11a942 + -9?
-11a94b
In base 11, what is 1939451 + -172?
193928a
In base 8, what is 0 - -55342042?
55342042
In base 14, what is -3d4920d - -a?
-3d49203
In base 4, what is 1300 - -11330003022?
11330010322
In base 13, what is -109 + a326?
a21a
In base 16, what is 6 + 132a87?
132a8d
In base 14, what is -293467 + -5?
-29346c
In base 4, what is -2110 + 3211301103?
3211232333
In base 6, what is 1523 - -11022352?
11024315
In base 10, what is 490 - -27650?
28140
In base 2, what is 110000100 - 10001100110110111111?
-10001100110000111011
In base 3, what is -2120 - 10000012212122?
-10000012222012
In base 6, what is 421302 + 4134?
425440
In base 2, what is -110101001010 - 1000011000111100101?
-1000011111100101111
In base 15, what is 251 + -23121?
-22dc0
In base 4, what is 20101331 + 31233?
20133230
In base 9, what is 5564427 - -7?
5564435
In base 14, what is -8 + -dd6a2b?
-dd6a35
In base 8, what is 562365 + -462?
561703
In base 6, what is -133151 + -30520?
-204111
In base 3, what is 2 + 212112220221222?
212112220222001
In base 10, what is 78591808 - 5?
78591803
In base 15, what is -3 + 39e178?
39e175
In base 2, what is 11111110110001110110110 + -1?
11111110110001110110101
In base 14, what is -205102c2 - 2?
-205102c4
In base 13, what is -17c3a9 + -a89?
-180165
In base 12, what is 2a - 949b32?
-949b04
In base 2, what is -101101100100010100 - -10000?
-101101100100000100
In base 7, what is -105430 - 20050?
-125510
In base 3, what is 1222012 + 220122?
2212211
In base 2, what is -10111111010001 + -101111000?
-11000101001001
In base 2, what is 101 + -1010100011010010001110000?
-1010100011010010001101011
In base 10, what is -1762836 - 10?
-1762846
In base 15, what is 355c4 - 7?
355bc
In base 13, what is aba + -2301?
-1514
In base 3, what is 1100111002211221 + -10?
1100111002211211
In base 13, what is -4 - 4946608a?
-49466091
In base 11, what is -439569 - 17?
-439585
In base 13, what is 5 + 15702a1?
15702a6
In base 11, what is 756411 - 7?
756405
In base 7, what is -60015341265 - 3?
-60015341301
In base 2, what is 10011001111110010001011101 + 101?
10011001111110010001100010
In base 15, what is -22 - 262ea4?
-262ec6
In base 9, what is -238 + 3551872?
3551633
In base 7, what is -5 + 136543216?
136543211
In base 8, what is 2406750304 + -5?
2406750277
In base 9, what is -76868823 + 1?
-76868822
In base 10, what is 5 - 925979?
-925974
In base 10, what is -12 - -3531654?
3531642
In base 3, what is 200010210112120120 + 12?
200010210112120202
In base 12, what is -3843 - -2a65?
-99a
In base 4, what is 1211 + -3102203?
-3100332
In base 8, what is 2437026 + -4?
2437022
In base 2, what is -10101010111101011 - -101111010?
-10101010001110001
In base 16, what is 1e + f889?
f8a7
In base 6, what is -3102 + 223022?
215520
In base 15, what is -67b87c1 - 3?
-67b87c4
In base 15, what is -1489 - 6e9?
-1b83
In base 5, what is -1310200041232 + -2?
-1310200041234
In base 3, what is -22012121 + 102200?
-21202221
In base 12, what is -3 - 60a9986?
-60a9989
In base 8, what is -457333 - -231?
-457102
In base 4, what is -33103220 - -1200021?
-31303133
In base 2, what is 1101000001100101 - 10110?
1101000001001111
In base 2, what is -1011101001011 + 1000011001111010?
110111100101111
In base 14, what is 13d1 + d6?
14c7
In base 4, what is 100 - -101122020322?
101122021022
In base 4, what is 3010211302 - -22?
3010211330
In base 6, what is 3 - 545253401?
-545253354
In base 6, what is 103050 - -440?
103530
In base 15, what is 2607 - -2c12?
5319
In base 14, what is b2d4 + -137c?
9d56
In base 5, what is -4332021002 - -1?
-4332021001
In base 15, what is 7c - -95aa?
9637
In base 4, what is -30212 - 33230?
-130102
In base 4, what is -2 + 12030232002032?
12030232002030
In base 11, what is 7534742 - 0?
7534742
In base 14, what is -1398606c - -2?
-1398606a
In base 4, what is 1030320222132 - -100?
1030320222232
In base 15, what is 292e2930 + 5?
292e2935
In base 3, what is -12221101 - 1002222221?
-1022221022
In base 16, what is 112aa + -222?
11088
In base 11, what is 6 + 24651?
24657
In base 3, what is 2 - -202012102202?
202012102211
In base 4, what is 131000 + -2002222?
-1211222
In base 11, what is 3a296872 + 4?
3a296876
In base 7, what is 6 + 22250246?
22250255
In base 11, what is 7457a72 - 9?
7457a64
In base 15, what is 5332 + 2355?
7687
In base 11, what is 48467 - 87?
48390
In base 13, what is 10c + -3a6c9?
-3a5ba
In base 6, what is 210 + -35223542?
-35223332
In base 16, what is -6 + -68d3aa8?
-68d3aae
In base 14, what is -5 - -aa0b439?
aa0b434
In base 6, what is 14122504 + 23?
14122531
In base 9, what is -111836 + 501?
-111335
In base 5, what is 43341421022 + -13?
43341421004
In base 14, what is -54629 + 77?
-54592
In base 3, what is -110202222112 + -1?
-110202222120
In base 13, what is -2a42 - 132?
-2b74
In base 15, what is -ce526 - -c?
-ce519
In base 9, what is 457563 + 802?
458465
In base 6, what is 440 - -410530?
411410
In base 9, what is -3171 - 1878?
-5160
In base 11, what is 2362 + 9846?
110a8
In base 7, what is -60010 + 3261?
-53416
In base 14, what is 5701 + -54?
568b
In base 9, what is -684 + -10556?
-11351
In base 7, what is -14224601 + 22?
-14224546
In base 12, what is -59134 + 0?
-59134
In base 2, what is 101100111100 - 1000110101010?
-11001101110
In base 8, what is 3367 - 405103?
-401514
In base 12, what is 25437 + -27ba?
22839
In base 6, what is 3412525 + 1315?
3414244
In base 5, what is -4 - 1040431401?
-1040431410
In base 3, what is -1022001221 + -201122200?
-2000201121
In base 7, what is 5366254 + 614?
5400201
In base 13, what is 1791222 + -2?
1791220
In base 6, what is -2252132420 - 25?
-2252132445
In base 7, what is -63601 - 1322?
-65223
In base 2, what is 11111000 + -100101010111100110100?
-100101010111000111100
In base 16, what is -2 + 1939e5e?
1939e5c
In base 15, what is 5 + 2edacc?
2edad2
In base 4, what is 1303110121 - 3101?
1303101020
In base 10, what is -6273738 + 1?
-6273737
In base 10, what is -152034 - 105?
-152139
In base 15, what is 0 + 37e674?
37e674
In base 13, what is -17920b7 + -6?
-17920c0
In base 8, what is -1 - 424421506?
-424421507
In base 11, what is 16997538 + -2?
16997536
In base 4, what is 1102330333321 - 3?
1102330333312
In base 2, what is 101111111110 + 1110100001010?
10100100001000
In base 14, what is 7 - -249a84?
249a8b
In base 14, what is 12 + -2687?
-2675
In base 2, what is -11000110 + 1001101100011100?
1001101001010110
In base 6, what is -5554012 - 43?
-5554055
In base 4, what is 213013 + -3210111?
-2331032
In base 13, what is 17c5b5 + ca?
17c6b2
In base 14, what is -21ba + -63c3?
-859d
In base 16, what is 8e77 + -987?
84f0
In base 11, what is -aaa6 - -37720?
27725
In base 12, what is 5 - -1a92bb9?
1a93002
In base 7, what is 5 + 142246145?
142246153
In base 10, what is 0 + 2239828?
2239828
In base 11, what is -5 - -22a2115?
22a2110
In base 7, what is 10253626 - -66?
10254025
In base 15, what is -527 - 26?
-54d
In base 2, what is 11011000111000010000100 - 111?
11011000111000001111101
In base 10, what is -1126071 - -3?
-1126068
In base 15, what is 4284b5 + 1?
4284b6
In base 6, what is -3055341511 - 3?
-3055341514
In base 13, what is -89a1 - -ac7?
-7ba7
In base 13, what is 643 - -15baa?
16520
In base 14, what is -26dc + -dd?
-27db
In base 11, what is 13